 highest common factor of c and 33?
11
Suppose 28 + 15 = 3*k - 5*y, 3*y = -2*k + 16. Let t(x) = -39*x + 4. Let r be t(-3). Calculate the greatest common factor of r and k.
11
Suppose 16*p = 13*p + 33. What is the greatest common factor of 22 and p?
11
Let p(w) = 0 - 2*w**2 - 2*w - 6 + 3*w**2. Let z be p(5). Calculate the highest common factor of 27 and z.
9
Let w = -57 - -81. Suppose 0 = -3*t, 0 = -4*y - 0*y + t + 64. Calculate the greatest common divisor of w and y.
8
Suppose 3*m = m + 2. Suppose -2*o = -4*k + 16, 18 = 3*k - 4*o + m. What is the highest common divisor of k and 21?
3
Let l = 26 - 14. Let r = 309 + -177. What is the highest common factor of r and l?
12
Suppose -2*i - 20 = -4*i. Let f be (-24)/i*1*10. Let y = f - -34. What is the highest common divisor of 15 and y?
5
Suppose 0 = -14*c + 6*c + 104. What is the greatest common divisor of 221 and c?
13
Let v(c) = -5*c - 7. Let d be v(-3). Let k be (-1 - -2)/(d/144). What is the highest common factor of k and 198?
18
Suppose 0 = -3*m - 3*j + 21, 0*m - 17 = -2*m - 5*j. What is the greatest common factor of 102 and m?
6
Let h = -85 + 113. Suppose -j - 3*r = -6*r - 73, 4*r + 4 = 0. Calculate the highest common factor of j and h.
14
Let t be (136/(-2) - -5)*-1. What is the highest common divisor of t and 42?
21
Let j(f) = 12 - 9 - 4*f + f. Let n be j(-2). Calculate the highest common divisor of n and 45.
9
Let r = 15 + -9. Let d be 52 - 2/(-2 + 1). Calculate the highest common divisor of d and r.
6
Suppose -b = -0*b - 2*f - 40, 0 = 2*b - f - 65. Suppose 6 = 5*y - 44. Calculate the greatest common divisor of y and b.
10
Let x = 22 + -2. Let g(i) = 21*i**2 - 4*i + 4. Let c be g(2). Calculate the highest common factor of c and x.
20
Let m(r) = -r**2 - 11*r - 1. Let k be m(-8). Calculate the highest common factor of k and 184.
23
Let i = 69 - 51. Calculate the highest common factor of i and 9.
9
Let y(i) = 12*i**2 - i + 1. Let w be y(1). Calculate the highest common factor of 60 and w.
12
Suppose -3*x - 2*m = -39, 12 = -m + 5*m. What is the greatest common divisor of 22 and x?
11
Let j be 30/2*(-9)/(-15). Let p = j + -5. What is the greatest common divisor of p and 20?
4
Let f = 3 + 3. Suppose -7*p = -f*p - 42. What is the greatest common divisor of p and 21?
21
Let t(r) = -6*r + 15. Let a = -8 - 0. Let k be t(a). Calculate the greatest common factor of k and 21.
21
Suppose -3*c + 9 = n, -4*c = -3*n + 3 - 15. What is the greatest common divisor of c and 9?
3
Let i = 14 - 10. Calculate the highest common divisor of 10 and i.
2
Suppose -450 = -5*x + 2*y, 3*x - 4*y - 450 = -2*x. What is the greatest common divisor of 36 and x?
18
Suppose -2*d = -3*d + 2*f + 33, -4*d + 80 = 5*f. Let l = -16 + d. Calculate the highest common divisor of l and 9.
9
Let c(a) = -a**2 - 22*a - 18. Let r be c(-20). Calculate the greatest common divisor of r and 11.
11
Suppose 5*b = -3*q + 458, -195 - 167 = -4*b + 2*q. Calculate the highest common divisor of 13 and b.
13
Let m be ((-4)/20 + 246/(-45))*-9. Calculate the highest common divisor of m and 3.
3
Suppose -15 = -10*q + 5*q. Suppose -2*o - 4 = 0, -5*f - q*o - 2*o = 5. Calculate the highest common divisor of f and 5.
1
Suppose 5*l - 55 = -d, -1 = -2*l - 11. Let j be 0/(6 + (-5 - -2)). Suppose 3*p - 25 - 23 = j. Calculate the greatest common divisor of p and d.
16
Let v(n) = n**2 - 2*n. Let b be v(2). Suppose 2*g - g = b. Suppose -4*w - 13 = -d, 4*d + g*w - 3*w - 39 = 0. Calculate the greatest common factor of d and 99.
9
Let m be 4 - (2 + -1) - -1. Suppose 0*y - y - 4*b = -23, -5*y = m*b - 83. Calculate the highest common factor of y and 3.
3
Let l(x) = -x**3 + 7*x**2 - 5*x + 3. Let h be l(6). Let q = 37 + 8. Calculate the highest common factor of h and q.
9
Let k be (-517)/(-88) - (-2)/16. Let o = -35 + 59. Calculate the highest common factor of k and o.
6
Let v be 10/2 + -1 + -1. Let w be v/6*22 - 0. Calculate the highest common divisor of 77 and w.
11
Suppose -4*m = -2*z + 44, m + 26 = 2*z - 3. What is the highest common factor of z and 20?
4
Let s(g) = g**2 + 13*g + 13. Let k be s(-12). Calculate the greatest common factor of k and 5.
1
Let w(a) = -a**3 - 2*a**2 + 5*a + 80. Let l be w(0). Suppose 0*j - j + 16 = 0. What is the greatest common factor of l and j?
16
Let y = 327 + -215. What is the highest common divisor of 28 and y?
28
Let k(d) = -10*d**3 - d**2 - 2*d - 1. Let z be k(-1). Suppose h + h = 0. Suppose -2*c + h*c = -50. What is the highest common divisor of z and c?
5
Let a be ((-1)/(-5) - 1)*-25. Suppose -5 = -3*n + 7. Calculate the greatest common factor of n and a.
4
Let i = 6 + -4. Let u be (0 - 1/(-2))*i. What is the highest common factor of 4 and u?
1
Let x be (-2)/(-5) + (-1518)/(-55). Let h = x + -19. What is the greatest common factor of h and 90?
9
Suppose -4*c + 4 = -0. Calculate the greatest common factor of 2 and c.
1
Let c be (-14)/(-4)*(3 + -1). What is the highest common divisor of c and 35?
7
Suppose h + 5*a + 7 = 0, -19 = 5*h - 7*h + a. Let z(r) = 3*r + 3. Let y be z(3). Calculate the greatest common divisor of h and y.
4
Suppose -n - 4*z - 463 = -4*n, z - 458 = -3*n. Suppose -51 = m - 159. Let l = n - m. Calculate the highest common divisor of 9 and l.
9
Suppose -4*t - 2 = -5*t. Let i(f) = 23*f - 1. Let m be i(t). Calculate the greatest common divisor of m and 9.
9
Let u(x) = 2*x**3 + 3*x**2 - 2. Let d be u(-2). Let m be (-8)/(-12) - 14/d. Suppose m*a + 3 = 6. What is the greatest common divisor of 1 and a?
1
Let b = 0 - -1. Suppose 2*v + b = -5. Let o be (v*52)/((-18)/12). What is the greatest common factor of o and 13?
13
Let k = 11 - 6. Suppose -w + 26 = -k*n - 102, -n = 3*w - 384. Calculate the highest common factor of 16 and w.
16
Let n(q) = q**2 + 7*q + 5. Let p be n(-7). Suppose a = -2*a + 3*r + 93, -4*a = -p*r - 127. Calculate the highest common factor of 14 and a.
14
Suppose 5*d - 31 = -o, -2*o + 5*d + 85 = -52. Calculate the greatest common factor of 42 and o.
14
Suppose -12*g = -9*g - 66. What is the greatest common factor of g and 55?
11
Suppose -2*d + 18 = -2. Let o(c) = c + 2. Let i be o(d). Calculate the highest common factor of 6 and i.
6
Let r = 101 - 72. Let o = r - 19. Calculate the highest common factor of o and 90.
10
Suppose 15 = o + 3*q - 33, 3*q = 3*o - 96. Let j be (-30)/3*36/(-15). What is the greatest common divisor of o and j?
12
Let j(o) = o**2 + 2*o + 180. Let s be j(0). Calculate the highest common factor of 18 and s.
18
Let u be (3/(-2) + 1)*-12. Suppose -2*l = -4*r + 40, -2*r = -2*l - 15 - 1. What is the greatest common divisor of u and r?
6
Let q be (-2)/(-7) - (-992)/56. Let x be 320/q + 16/72. What is the greatest common divisor of 6 and x?
6
Suppose -z + 17 = -3*h, 3*z + 3*h - 31 = 8*h. Suppose 0*l + 2*l - 3*f - 23 = 0, -22 = -3*l + z*f. What is the greatest common factor of 40 and l?
4
Suppose 45 = 4*h + 1. Let b = h - 2. Let g(k) = -k**3 + 3*k**2 + 5*k - 1. Let z be g(4). Calculate the greatest common divisor of z and b.
3
Let o be 1706/5 - (-13)/(-65). What is the greatest common factor of o and 31?
31
Let a be (-9 + 4 + 8)*(-46)/(-6). What is the highest common divisor of 161 and a?
23
Let z(l) = l**3 + 11*l**2 + 9*l - 8. Let t be z(-10). Let q(w) = -w + 18. Let j be q(8). Calculate the highest common factor of t and j.
2
Suppose 3*k - 2*r = 16, -3*k + 2*k = -5*r - 1. What is the highest common factor of 144 and k?
6
Suppose -5*q + 3*b + 29 + 78 = 0, -5*b - 20 = 0. Let j be 3 + (-2 - (2 - q)). Calculate the greatest common divisor of j and 12.
6
Suppose -5*w = 5*l - 835, 3*l + 3*w - 6*w = 507. Calculate the highest common divisor of 21 and l.
21
Let m be (-1)/(-5) + 1832/40. Calculate the highest common factor of 23 and m.
23
Let k(a) = a**3 + 6*a**2 - 3*a - 5. Let r be k(-5). Let b = r - 23. What is the highest common divisor of b and 8?
4
Let y be (-2)/(-3)*(-45)/6. Let b be ((-16)/5)/(y/25). Calculate the highest common factor of 64 and b.
16
Let j be (-34)/(-3)*(-3)/(-2). Calculate the highest common divisor of j and 68.
17
Let j be (2/2 - 0)*(-7 - -28). Calculate the highest common factor of j and 189.
21
Suppose -1 = -3*m + 2. Suppose -3*t = -3*w - 144, -t = -3*t - 2*w + 104. Suppose 20 = -5*p + t. Calculate the greatest common factor of m and p.
1
Suppose 5*c - 70 = 4*k, 2 = -2*